{"id":58,"date":"2021-06-12T10:37:24","date_gmt":"2021-06-12T10:37:24","guid":{"rendered":"https:\/\/www.prodavamfirmu.cz\/?page_id=58"},"modified":"2021-06-12T19:14:05","modified_gmt":"2021-06-12T19:14:05","slug":"o-tomto-webu","status":"publish","type":"page","link":"https:\/\/www.prodavamfirmu.cz\/index.php\/o-tomto-webu\/","title":{"rendered":"O tomto webu"},"content":{"rendered":"\n<p>V\u00edt\u00e1me V\u00e1s na na\u0161ich str\u00e1nk\u00e1ch, kter\u00e9 jsou ur\u010deny v\u0161em, kdo vlastn\u00ed firmu nebo obchodn\u00ed pod\u00edl a uva\u017euj\u00ed o prodeji.<\/p>\n\n\n\n<p>Za\u010d\u00ednal jste s podnik\u00e1n\u00edm p\u0159ed mnoha lety, kdy jste byl je\u0161t\u011b pln\u00fd s\u00edly, a nyn\u00ed si ji\u017e p\u0159ejete u\u017e\u00edvat zaslou\u017een\u00e9ho odpo\u010dinku?<\/p>\n\n\n\n<p>Nebo prost\u011b jen m\u00e1te dojem, \u017ee jste ji\u017e pracoval dost, vybudoval jste prosperuj\u00edc\u00ed spole\u010dnost a nyn\u00ed uva\u017eujete, \u017ee byste r\u00e1d zu\u017eitkoval plody sv\u00e9 pr\u00e1ce a vydal se t\u0159eba na cestu kolem sv\u011bta jako boh\u00e1\u010d?<\/p>\n\n\n\n<p>Jste spole\u010dn\u00edkem v obchodn\u00ed spole\u010dnosti, nevych\u00e1z\u00edte s ostatn\u00edmi spole\u010dn\u00edky a r\u00e1d byste ze spole\u010dnosti vystoupil za zaj\u00edmav\u00fdch finan\u010dn\u00edch podm\u00ednek?<\/p>\n\n\n\n<p>Anebo jinak \u2013 vlivem nep\u0159\u00edzniv\u00fdch okolnost\u00ed se Va\u0161e firma dostala do probl\u00e9m\u016f a Vy byste se r\u00e1d zbavil starost\u00ed?<\/p>\n\n\n\n<p>A\u0165 u\u017e je V\u00e1\u0161 p\u0159\u00edb\u011bh jak\u00fdkoli \u2013 uva\u017eujete o prodeji firmy? Pak jste zde spr\u00e1vn\u011b!<\/p>\n\n\n\n<p>Pod\u011blte se s n\u00e1mi o V\u00e1\u0161 p\u0159\u00edb\u011bh a my ud\u011bl\u00e1me v\u0161e, abychom pro V\u00e1s nalezli vhodn\u00e9 \u0159e\u0161en\u00ed.<\/p>\n","protected":false},"excerpt":{"rendered":"<p>V\u00edt\u00e1me V\u00e1s na na\u0161ich str\u00e1nk\u00e1ch, kter\u00e9 jsou ur\u010deny v\u0161em, kdo vlastn\u00ed firmu nebo obchodn\u00ed pod\u00edl a uva\u017euj\u00ed o prodeji. Za\u010d\u00ednal jste s podnik\u00e1n\u00edm p\u0159ed mnoha lety, kdy jste byl je\u0161t\u011b pln\u00fd s\u00edly, a nyn\u00ed si ji\u017e p\u0159ejete u\u017e\u00edvat zaslou\u017een\u00e9ho odpo\u010dinku? Nebo prost\u011b jen m\u00e1te dojem, \u017ee jste ji\u017e pracoval dost, vybudoval jste prosperuj\u00edc\u00ed spole\u010dnost a &hellip; <\/p>\n","protected":false},"author":1,"featured_media":0,"parent":0,"menu_order":1,"comment_status":"closed","ping_status":"closed","template":"","meta":[],"_links":{"self":[{"href":"https:\/\/www.prodavamfirmu.cz\/index.php\/wp-json\/wp\/v2\/pages\/58"}],"collection":[{"href":"https:\/\/www.prodavamfirmu.cz\/index.php\/wp-json\/wp\/v2\/pages"}],"about":[{"href":"https:\/\/www.prodavamfirmu.cz\/index.php\/wp-json\/wp\/v2\/types\/page"}],"author":[{"embeddable":true,"href":"https:\/\/www.prodavamfirmu.cz\/index.php\/wp-json\/wp\/v2\/users\/1"}],"replies":[{"embeddable":true,"href":"https:\/\/www.prodavamfirmu.cz\/index.php\/wp-json\/wp\/v2\/comments?post=58"}],"version-history":[{"count":2,"href":"https:\/\/www.prodavamfirmu.cz\/index.php\/wp-json\/wp\/v2\/pages\/58\/revisions"}],"predecessor-version":[{"id":79,"href":"https:\/\/www.prodavamfirmu.cz\/index.php\/wp-json\/wp\/v2\/pages\/58\/revisions\/79"}],"wp:attachment":[{"href":"https:\/\/www.prodavamfirmu.cz\/index.php\/wp-json\/wp\/v2\/media?parent=58"}],"curies":[{"name":"wp","href":"https:\/\/api.w.org\/{rel}","templated":true}]}}